{"version":"1.0","provider_name":"QuizViajero","provider_url":"https:\/\/quizviajero.com\/blog","author_name":"@duhauaxel","author_url":"https:\/\/quizviajero.com\/blog\/author\/duxauaxel\/","title":"Nouvelle Ann\u00e9e 2013 en Par\u00eds | QuizViajero","type":"rich","width":600,"height":338,"html":"<blockquote class=\"wp-embedded-content\" data-secret=\"n2bmFtrNUg\"><a href=\"https:\/\/quizviajero.com\/blog\/nouvelle-annee-2013-paris\/\">Nouvelle Ann\u00e9e 2013 en Par\u00eds<\/a><\/blockquote><iframe sandbox=\"allow-scripts\" security=\"restricted\" src=\"https:\/\/quizviajero.com\/blog\/nouvelle-annee-2013-paris\/embed\/#?secret=n2bmFtrNUg\" width=\"600\" height=\"338\" title=\"\u00abNouvelle Ann\u00e9e 2013 en Par\u00eds\u00bb \u2014 QuizViajero\" data-secret=\"n2bmFtrNUg\" frameborder=\"0\" marginwidth=\"0\" marginheight=\"0\" scrolling=\"no\" class=\"wp-embedded-content\"><\/iframe><script>\n\/*! This file is auto-generated *\/\n!function(d,l){\"use strict\";l.querySelector&&d.addEventListener&&\"undefined\"!=typeof URL&&(d.wp=d.wp||{},d.wp.receiveEmbedMessage||(d.wp.receiveEmbedMessage=function(e){var t=e.data;if((t||t.secret||t.message||t.value)&&!\/[^a-zA-Z0-9]\/.test(t.secret)){for(var s,r,n,a=l.querySelectorAll('iframe[data-secret=\"'+t.secret+'\"]'),o=l.querySelectorAll('blockquote[data-secret=\"'+t.secret+'\"]'),c=new RegExp(\"^https?:$\",\"i\"),i=0;i<o.length;i++)o[i].style.display=\"none\";for(i=0;i<a.length;i++)s=a[i],e.source===s.contentWindow&&(s.removeAttribute(\"style\"),\"height\"===t.message?(1e3<(r=parseInt(t.value,10))?r=1e3:~~r<200&&(r=200),s.height=r):\"link\"===t.message&&(r=new URL(s.getAttribute(\"src\")),n=new URL(t.value),c.test(n.protocol))&&n.host===r.host&&l.activeElement===s&&(d.top.location.href=t.value))}},d.addEventListener(\"message\",d.wp.receiveEmbedMessage,!1),l.addEventListener(\"DOMContentLoaded\",function(){for(var e,t,s=l.querySelectorAll(\"iframe.wp-embedded-content\"),r=0;r<s.length;r++)(t=(e=s[r]).getAttribute(\"data-secret\"))||(t=Math.random().toString(36).substring(2,12),e.src+=\"#?secret=\"+t,e.setAttribute(\"data-secret\",t)),e.contentWindow.postMessage({message:\"ready\",secret:t},\"*\")},!1)))}(window,document);\n\/\/# sourceURL=https:\/\/quizviajero.com\/blog\/wp-includes\/js\/wp-embed.min.js\n<\/script>\n","thumbnail_url":"https:\/\/quizviajero.com\/blog\/wp-content\/uploads\/2017\/12\/bloggeroqv-6.jpg","thumbnail_width":1280,"thumbnail_height":640,"description":"\u201cY si nos vamos a pasar a\u00f1o nuevo a Par\u00eds?\u201d. En ese instante el bizcochito Don Satur\u00ae que ten\u00eda entre dientes se fue derecho a mi tr\u00e1quea generando gener\u00e1ndome bruta tos. La idea me encant\u00f3, pero me fui forzado a aclarar \u201cMira que no tengo un mango, eh\u201d y ah\u00ed fue el momento en el que recib\u00ed el mayor de los regalos navide\u00f1os adelantados cuando o\u00ed la frase \u201cVos organizalo que yo invito\u201d. &nbsp; La Sorpresa Inicial Se estaba cerrando el a\u00f1o 2013, est\u00e1bamos a mediados de octubre cuando en el trabajo decidieron, a modo de limpiar las horas extra adeudadas, \u201cregalarnos\u201d los d\u00edas 30\/12 2\/1 y 3\/1. Con la sorpresa que ese Mega hueco en mi agenda me hab\u00eda generado me fui muy campante a tomar unos mates a lo de mis viejos. Lo que no sab\u00eda es que ese d\u00eda me deparar\u00eda m\u00e1s sorpresas. Al contarlo, entre mate y mate, mi padre, un hombre nacido junto con el a\u00f1o, odiador de sus cumplea\u00f1os y amante de sus ra\u00edces galas, esboz\u00f3 \u201cY si nos vamos a pasar a\u00f1o nuevo a Par\u00eds?\u201d. En ese instante el bizcochito Don Satur\u00ae que ten\u00eda entre dientes se fue derecho a mi tr\u00e1quea generando gener\u00e1ndome bruta tos. La idea me encant\u00f3, pero me fui forzado a aclarar \u201cMira que no tengo un mango, eh\u201d y ah\u00ed fue el momento en el que recib\u00ed el mayor de los regalos navide\u00f1os adelantados cuando o\u00ed la frase \u201cVos organizalo que yo invito\u201d. Imaginar\u00e1n lo poco que dorm\u00ed esa noche. A mi juego me hab\u00edan llamado, aproximadamente a las 3 am ya ten\u00eda organizado el viaje para hacer PARIS \u2013 BRUJAS \u2013 AMSTERDAM con los a\u00e9reos pre seleccionados, hospedaje en Paris apalabrado, 4 hoteles reservados en cada una de las otras ciudades y los trenes ya analizados. Los d\u00edas fueron pasando, me fui juntando con mis viejos tratando de adaptar el itinerario del viaje a los gustos y necesidades de cada uno de los 3 viajeros. Para mediados de noviembre ya el viaje ten\u00eda forma, color y cuanto adjetivo se les ocurra. Ir\u00edamos el 27 a Paris v\u00eda KLM, previa escala en \u00c1msterdam y regresar\u00edamos desde la capital holandesa en vuelo directo el 5\/1 un itinerario nada despreciable. Claramente en el viaje operaria de Gu\u00eda Tur\u00edstico \/ GPS \/ Guardi\u00e1n del itinerario \/ Interlocutor \/ etc. Llegando a La France Llegado el 27\/12 a la salida del trabajo me fui para Ezeiza donde me encontr\u00e9 con mis viejos, era una tarde de mucho calor y yo con la campera en mano previendo el frio q me esperaba en Paris. Por suerte el vuelo paso sin pena ni gloria, ambos vuelos llegaron en horario y el equipaje llego a destino como se esperaba (y suele pasar). Consegu\u00ed un departamento a 6 cuadras de la Tour Eiffel, para los 5 d\u00edas en Paris, estaba emocionado con ir por primera vez a la Ciudad Luz, pero confieso q no le ten\u00eda mucha fe a la torre\u2026 el a\u00f1o anterior hab\u00eda pasado por Pisa y la famosa torre me gust\u00f3 pero \u201cmeh\u201d, honestamente esperaba lo mismo de la dichosa estructura met\u00e1lica. #SpoilerAlert!!! QUE EQUIVOCADO ESTABA!!! Llegamos de noche, tomamos el tren, luego el subte (o Metro como le dicen en dichos lares) y bajamos en la estaci\u00f3n Invalides, luego de varias escaleras salimos a la superficie encontr\u00e1ndonos en un parque amplio llamado Esplanade des Invalides, yo ven\u00eda concentrado en el mapa, las referencias q ten\u00eda en el celular, la direcci\u00f3n del departamento, el equipaje y dem\u00e1s variables. Una vez analizado todo levante la vista buscando alguna referencia para orientarme y si\u2026 ah\u00ed la vi\u2026 me miro\u2026 nos miramos\u2026 me gust\u00f3\u2026 una estructura met\u00e1lica toda iluminada de un color anaranjado \/ amarillento se ergu\u00eda sola, por sobre todos las casas de la zona, aun no nos conoc\u00edamos y ella ya me estaba obrando de faro. Guard\u00e9 todo mapas papeles y dem\u00e1s y empec\u00e9 a caminar atra\u00eddo hacia ella, ya me hab\u00eda olvidado del frio, el hambre y el sue\u00f1o\u2026 quer\u00eda ir hacia la torre. Por suerte esa era la direcci\u00f3n que ten\u00edamos que tomar. Llegamos al departamento, hicimos los tr\u00e1mites pertinentes tiramos todas las valijas y nos fuimos derechito a verla de cerca, nunca olvidar\u00e9 las im\u00e1genes que grab\u00e9 en mi retina. Los d\u00edas subsiguientes recorrimos Paris y Versalles con un sorprendente buen clima, ni un d\u00eda nos sorprendi\u00f3 un bajo 0 y solo llovi\u00f3 un poco el 30\/12, incre\u00edble para las estad\u00edsticas de la ciudad. Voy a dejar para las gu\u00edas tradicionales las atracciones principales y los lugares que tienen q recorrer si o si. Ac\u00e1 tan solo tratare de contarles esas cosas q me generaron algo especial, algo lindo, digno de ser compartido. Visitamos infinidad de museos pero quer\u00eda destacar el que para m\u00ed es el m\u00e1s lindo de la ciudad aunque no el m\u00e1s famoso, el \u201cMusee D&#8217;orsay\u201d una estaci\u00f3n de tren a la vera del Sena que fue reconvertida en museo impresionista, arquitect\u00f3nicamente es PRECIOSO y tiene una de las obras que m\u00e1s emoci\u00f3n me han generado la \u201cNoche estrellada sobre el R\u00f3dano\u201d de Vincent Van Gogh. Como si fuera poco el museo tiene en su \u00faltimo piso un caf\u00e9 desde el cual se puede ver toda la ciudad a trav\u00e9s del reloj de la estaci\u00f3n. Dentro de la tem\u00e1tica eclesi\u00e1stica s\u00f3lo se me ocurre recomendar que no dejen de ir la Saint Chappelle, una capilla cerca de Notre Dame que tiene todas las paredes recubiertas de vitrales. Es incre\u00edble como queda iluminada al pegarle el sol con todos los colores jugando entre s\u00ed. Otro lugar con mucha magia al que fuimos fue el barrio de Montmartre con su emblem\u00e1tica iglesia Sacre Coeur, afortunadamente una amiga me recomend\u00f3 entrar por \u201cdetr\u00e1s\u201d, ir en sentido opuesto al grueso de los turistas, empezar por la estaci\u00f3n de Lamarck en lugar de hacerlo por Anvers. La verdad fue un consejo muy acertado, nos permiti\u00f3 conocer el barrio con muchos menos turistas y poder sentirlo un poco m\u00e1s en su esencia. Mi"}

Nouvelle Année 2013 en París | QuizViajero

<blockquote class="wp-embedded-content" data-secret="n2bmFtrNUg"><a href="https://quizviajero.com/blog/nouvelle-annee-2013-paris/">Nouvelle Année 2013 en París</a></blockquote><iframe sandbox="allow-scripts" security="restricted" src="https://quizviajero.com/blog/nouvelle-annee-2013-paris/embed/#?secret=n2bmFtrNUg" width="600" height="338" title="«Nouvelle Année 2013 en París» — QuizViajero" data-secret="n2bmFtrNUg" frameborder="0" marginwidth="0" marginheight="0" scrolling="no" class="wp-embedded-content"></iframe><script>
/*! This file is auto-generated */
!function(d,l){"use strict";l.querySelector&&d.addEventListener&&"undefined"!=typeof URL&&(d.wp=d.wp||{},d.wp.receiveEmbedMessage||(d.wp.receiveEmbedMessage=function(e){var t=e.data;if((t||t.secret||t.message||t.value)&&!/[^a-zA-Z0-9]/.test(t.secret)){for(var s,r,n,a=l.querySelectorAll('iframe[data-secret="'+t.secret+'"]'),o=l.querySelectorAll('blockquote[data-secret="'+t.secret+'"]'),c=new RegExp("^https?:$","i"),i=0;i<o.length;i++)o[i].style.display="none";for(i=0;i<a.length;i++)s=a[i],e.source===s.contentWindow&&(s.removeAttribute("style"),"height"===t.message?(1e3<(r=parseInt(t.value,10))?r=1e3:~~r<200&&(r=200),s.height=r):"link"===t.message&&(r=new URL(s.getAttribute("src")),n=new URL(t.value),c.test(n.protocol))&&n.host===r.host&&l.activeElement===s&&(d.top.location.href=t.value))}},d.addEventListener("message",d.wp.receiveEmbedMessage,!1),l.addEventListener("DOMContentLoaded",function(){for(var e,t,s=l.querySelectorAll("iframe.wp-embedded-content"),r=0;r<s.length;r++)(t=(e=s[r]).getAttribute("data-secret"))||(t=Math.random().toString(36).substring(2,12),e.src+="#?secret="+t,e.setAttribute("data-secret",t)),e.contentWindow.postMessage({message:"ready",secret:t},"*")},!1)))}(window,document);
//# sourceURL=https://quizviajero.com/blog/wp-includes/js/wp-embed.min.js
</script>

“Y si nos vamos a pasar año nuevo a París?”. En ese instante el bizcochito Don Satur® que tenía entre dientes se fue derecho a mi tráquea generando generándome bruta tos. La idea me encantó, pero me fui forzado a aclarar “Mira que no tengo un mango, eh” y ahí fue el momento en el que recibí el mayor de los regalos navideños adelantados cuando oí la frase “Vos organizalo que yo invito”. &nbsp; La Sorpresa Inicial Se estaba cerrando el año 2013, estábamos a mediados de octubre cuando en el trabajo decidieron, a modo de limpiar las horas extra adeudadas, “regalarnos” los días 30/12 2/1 y 3/1. Con la sorpresa que ese Mega hueco en mi agenda me había generado me fui muy campante a tomar unos mates a lo de mis viejos. Lo que no sabía es que ese día me depararía más sorpresas. Al contarlo, entre mate y mate, mi padre, un hombre nacido junto con el año, odiador de sus cumpleaños y amante de sus raíces galas, esbozó “Y si nos vamos a pasar año nuevo a París?”. En ese instante el bizcochito Don Satur® que tenía entre dientes se fue derecho a mi tráquea generando generándome bruta tos. La idea me encantó, pero me fui forzado a aclarar “Mira que no tengo un mango, eh” y ahí fue el momento en el que recibí el mayor de los regalos navideños adelantados cuando oí la frase “Vos organizalo que yo invito”. Imaginarán lo poco que dormí esa noche. A mi juego me habían llamado, aproximadamente a las 3 am ya tenía organizado el viaje para hacer PARIS – BRUJAS – AMSTERDAM con los aéreos pre seleccionados, hospedaje en Paris apalabrado, 4 hoteles reservados en cada una de las otras ciudades y los trenes ya analizados. Los días fueron pasando, me fui juntando con mis viejos tratando de adaptar el itinerario del viaje a los gustos y necesidades de cada uno de los 3 viajeros. Para mediados de noviembre ya el viaje tenía forma, color y cuanto adjetivo se les ocurra. Iríamos el 27 a Paris vía KLM, previa escala en Ámsterdam y regresaríamos desde la capital holandesa en vuelo directo el 5/1 un itinerario nada despreciable. Claramente en el viaje operaria de Guía Turístico / GPS / Guardián del itinerario / Interlocutor / etc. Llegando a La France Llegado el 27/12 a la salida del trabajo me fui para Ezeiza donde me encontré con mis viejos, era una tarde de mucho calor y yo con la campera en mano previendo el frio q me esperaba en Paris. Por suerte el vuelo paso sin pena ni gloria, ambos vuelos llegaron en horario y el equipaje llego a destino como se esperaba (y suele pasar). Conseguí un departamento a 6 cuadras de la Tour Eiffel, para los 5 días en Paris, estaba emocionado con ir por primera vez a la Ciudad Luz, pero confieso q no le tenía mucha fe a la torre… el año anterior había pasado por Pisa y la famosa torre me gustó pero “meh”, honestamente esperaba lo mismo de la dichosa estructura metálica. #SpoilerAlert!!! QUE EQUIVOCADO ESTABA!!! Llegamos de noche, tomamos el tren, luego el subte (o Metro como le dicen en dichos lares) y bajamos en la estación Invalides, luego de varias escaleras salimos a la superficie encontrándonos en un parque amplio llamado Esplanade des Invalides, yo venía concentrado en el mapa, las referencias q tenía en el celular, la dirección del departamento, el equipaje y demás variables. Una vez analizado todo levante la vista buscando alguna referencia para orientarme y si… ahí la vi… me miro… nos miramos… me gustó… una estructura metálica toda iluminada de un color anaranjado / amarillento se erguía sola, por sobre todos las casas de la zona, aun no nos conocíamos y ella ya me estaba obrando de faro. Guardé todo mapas papeles y demás y empecé a caminar atraído hacia ella, ya me había olvidado del frio, el hambre y el sueño… quería ir hacia la torre. Por suerte esa era la dirección que teníamos que tomar. Llegamos al departamento, hicimos los trámites pertinentes tiramos todas las valijas y nos fuimos derechito a verla de cerca, nunca olvidaré las imágenes que grabé en mi retina. Los días subsiguientes recorrimos Paris y Versalles con un sorprendente buen clima, ni un día nos sorprendió un bajo 0 y solo llovió un poco el 30/12, increíble para las estadísticas de la ciudad. Voy a dejar para las guías tradicionales las atracciones principales y los lugares que tienen q recorrer si o si. Acá tan solo tratare de contarles esas cosas q me generaron algo especial, algo lindo, digno de ser compartido. Visitamos infinidad de museos pero quería destacar el que para mí es el más lindo de la ciudad aunque no el más famoso, el “Musee D&#8217;orsay” una estación de tren a la vera del Sena que fue reconvertida en museo impresionista, arquitectónicamente es PRECIOSO y tiene una de las obras que más emoción me han generado la “Noche estrellada sobre el Ródano” de Vincent Van Gogh. Como si fuera poco el museo tiene en su último piso un café desde el cual se puede ver toda la ciudad a través del reloj de la estación. Dentro de la temática eclesiástica sólo se me ocurre recomendar que no dejen de ir la Saint Chappelle, una capilla cerca de Notre Dame que tiene todas las paredes recubiertas de vitrales. Es increíble como queda iluminada al pegarle el sol con todos los colores jugando entre sí. Otro lugar con mucha magia al que fuimos fue el barrio de Montmartre con su emblemática iglesia Sacre Coeur, afortunadamente una amiga me recomendó entrar por “detrás”, ir en sentido opuesto al grueso de los turistas, empezar por la estación de Lamarck en lugar de hacerlo por Anvers. La verdad fue un consejo muy acertado, nos permitió conocer el barrio con muchos menos turistas y poder sentirlo un poco más en su esencia. Mi
